+ 188. Let u be x(0). Suppose 0 = s + 3, 2*w - 2*s - u = 900. Is w prime?
True
Suppose -4*i + 3*p = -139628, 3*i - 134607 = 5*p - 29886. Is i prime?
False
Suppose 4*b = 4*j - 47116, 2*j - 7615 - 15955 = 5*b. Suppose -4*a + 5*k = 18688, -14016 = -94*a + 97*a - 5*k. Let s = j + a. Is s composite?
False
Let g(y) = 325*y**3 + 26*y**2 + 4*y - 4. Is g(5) a prime number?
False
Suppose -a - t + 409 = 0, -13*a - 3*t + 815 = -11*a. Let o = -234 - -80. Let b = a - o. Is b a composite number?
True
Let s = 116 - 114. Suppose s*o - 593 - 85 = 0. Is o a prime number?
False
Let d(l) = -l**2 - 5*l + 16730. Suppose 5*n = 10*n. Let o be d(n). Is (-2)/(-3) + o/6 a composite number?
False
Suppose 0 = m - 4*j - 13277, -11705 = -m - 5*j + 1518. Is m prime?
False
Let r(o) = 49*o**2 - 178*o - 37. Is r(-48) prime?
True
Let u(k) = 72490*k - 4693. Is u(3) prime?
True
Suppose -5*p - 25 = -3*y, 0 = -22*y + 25*y + 3*p + 15. Suppose 4*z + 29679 = 9*v - 4*v, y = -5*v + 3*z + 29683. Is v a prime number?
True
Suppose 44*t - 19*t = 36*t - 4292893. Is t a prime number?
True
Let l(o) = -3*o - 4. Let v be l(29). Let t = v + 89. Let h(d) = -658*d + 1. Is h(t) composite?
True
Let q be (2/(-5))/(3*(-8)/360). Suppose q*i = 8*i - 1070. Is i prime?
False
Suppose -12*y - 3*y + 284861 = -202144. Is y a prime number?
True
Let x = 160279 - 100250. Is x a composite number?
False
Suppose 0 = 27*i - 43 - 38. Suppose -19851 = -3*z - i*y, 28*z - 33*z + 33093 = y. Is z composite?
False
Let z(d) be the third derivative of -d**6/60 - 19*d**5/60 + 5*d**4/12 + d**3/3 + 5*d**2. Let l be z(-10). Is l/27*-3 + 56651/63 a composite number?
True
Let y = -55032 + 86851. Is y a composite number?
True
Let r = 125985 - -64286. Is r a prime number?
True
Let n(r) = 6627*r**2 + 85*r + 27. Is n(11) prime?
True
Let q(l) be the third derivative of -32*l**2 - 23/6*l**3 + 0*l + 19/6*l**4 + 0. Is q(12) a composite number?
True
Let g be (-11)/(-1) - (-21)/(-21). Is -1*g/30 + 1339/3 composite?
True
Suppose 0 = -2*b + 3*a + 427646, 10*b = 9*b + 4*a + 213843. Is b composite?
True
Suppose -l + 5 = 0, i - 73724 = -l - 14612. Is i prime?
True
Let s be 26/10 - (-8)/20. Is -2*(-844)/24*s prime?
True
Is ((-2)/(-10))/(8 - (-14951590)/(-1868950)) a composite number?
False
Let s = 179 + -162. Suppose -s*o = -57227 - 9702. Is o composite?
True
Let k be 704/(-176) + 0 + (-21110)/2. Let c = -5314 - k. Is c prime?
False
Let g = 213 + -210. Suppose 0 = p - g*q - 3348, -3*q + 15 - 12 = 0. Is p a prime number?
False
Is -8225262*(-4)/72*1 a composite number?
False
Suppose -3*p + 91402 = 4*u - 8115, -2*u = 5*p - 165885. Is p composite?
False
Let k be ((-4)/5)/(-1*3/90). Suppose -5*f = -11*f + k. Suppose -962 = x - 3*x - 4*n, -5*x + 2399 = f*n. Is x a prime number?
True
Let q(o) be the first derivative of o**4/4 + 22*o**3/3 + 8*o**2 + 22*o + 1. Let j = -167 - -146. Is q(j) a prime number?
True
Let t be ((-12)/(108/(-21)))/((-2)/(-6)). Suppose -t*s - 4427 = -26316. Is s a prime number?
False
Let q(y) = -19027*y + 36. Let x be q(-3). Suppose 15*w - 44958 = x. Is w a prime number?
False
Is (-2737000)/(-6) + 81/243 composite?
False
Let p be (51/12 - 1)*(-4)/(-1). Is (p/26)/(-2 - (-69706)/34852) prime?
True
Let s be 3555/1 + 0/5. Suppose 18*y - s = 9*y. Suppose 28*b - 23*b - y = 0. Is b a prime number?
True
Suppose o - 3*o = -k + 2193, 0 = 3*o. Suppose 0 = 2*t - 21547 + k. Is t composite?
False
Let s(m) = 191 + 171*m + 195 - 408. Is s(13) a composite number?
True
Suppose 142*v - 27167784 - 3278674 = 6746608. Is v prime?
False
Suppose -33*d + 169696 = -d. Suppose d = 9*t - 29086. Is t prime?
True
Suppose 0 = 8*c - 1 - 79. Suppose 4*z - 2*a - 51566 = 0, 3*a + 5 + c = 0. Is z a prime number?
True
Let c(s) = -1074*s - 151. Let v(k) = -358*k - 51. Let z(o) = 2*c(o) - 7*v(o). Is z(6) a composite number?
False
Let n(y) = y**3 - 3*y**2 + 4*y - 9. Let g be n(3). Suppose -3*x = 3*d - 6, 0 - 3 = -g*x. Is -1 + -2*d + (8 - -524) a prime number?
False
Let z be (-2)/(-4) + (-170114)/(-28). Suppose z + 11495 = 3*g. Is g a prime number?
True
Let d = 25090 + -13511. Is d a prime number?
True
Let w = 40 + -32. Let j(n) = -2*n**2 - 7*n + 33. Let k be j(w). Let u = k - -782. Is u a composite number?
False
Suppose -9719 = 7*l - 242952. Suppose -16673 = -2*u + 5*a, -2*u - 2*u + l = -a. Is u a composite number?
False
Suppose -25006 = -218*f + 1410559 + 16592817. Is f a prime number?
True
Suppose -6*s + 6 + 6 = 0. Suppose -12 = s*i - 20. Suppose 0 = -i*a - 0*a + x + 95, -x = 3*a - 80. Is a composite?
True
Suppose 10*h - 13*h + 5*x = -559, 0 = 4*h - 5*x - 742. Suppose -8018 = -185*j + h*j. Is j a prime number?
False
Let u(l) be the third derivative of 28*l**5/3 + l**4/6 - 13*l**3/6 + 78*l**2. Is u(3) a composite number?
False
Let b(t) = -13*t + 43. Let q be b(3). Suppose 5*s = s - 5*v + 22676, -4*s + 22676 = q*v. Is s a prime number?
True
Let b(q) = 196*q + 162*q + 314*q + 25 + 4. Is b(5) composite?
False
Suppose -r - 51974 = -2*w, 3*r + 103948 = 4*w + 2*r. Suppose 2 = a, 3*l - 4*a + 3*a = w. Is l a composite number?
False
Suppose -4*q - 5*z + 992 = 0, 4*q - 5*z - 1024 = -2*z. Suppose 0 = -3*l + 2*l + 4. Suppose q + 31 = l*v. Is v composite?
False
Let k(s) = 2102*s**3 + 5*s**2 - 10*s + 1. Let g be k(2). Suppose -6*w + 6181 = -g. Is w composite?
False
Suppose 5*z = c + 8164, z = 5*z - 3*c - 6540. Suppose -2*h + 10824 - 2703 = 5*x, -3*h + z = x. Is x a prime number?
False
Suppose 5*k + 89166 = 3*b, 4*k = -b - 0*b + 29705. Is b composite?
False
Suppose 3*x - 366032 = -o, 0 = 2*o - 7*o - 5. Is x a composite number?
False
Let w be (-15091869)/(-187) + 4/(-22). Suppose w = 226*l - 221*l. Is l a prime number?
True
Let s(a) = a**2 - a. Let z(j) = j**3 + 8*j - 9897. Let w(r) = -2*s(r) - z(r). Is w(0) composite?
True
Let h(g) = 3*g**2 + 9*g + 49. Let x(w) = -3*w**2 - 17*w - 22. Let d be 429/(-77) - 3/7. Let z be x(d). Is h(z) a prime number?
False
Let b(g) = 4429*g**2 + 28*g + 26. Is b(-1) a composite number?
True
Suppose 10*n = 50*n. Let g(m) = 32*m + 2059. Is g(n) prime?
False
Let j = 732041 + -420852. Is j prime?
True
Suppose -19 = -g + 5*h, 2*g + 2*h + 0*h = 2. Suppose g*u - 4029 = 5*s + 7363, -4*u + 11356 = 4*s. Is u composite?
False
Let z(v) = 31229*v + 112. Is z(3) composite?
True
Let h(l) = -1474*l - 804. Let k(f) = -134*f - 73. Let w(o) = -6*h(o) + 67*k(o). Let c be w(-14). Suppose -2064 = -3*z + c. Is z composite?
False
Let h = 40100 + 39003. Is h a composite number?
False
Suppose -4*u - 112 = -2*u. Let o = u + 56. Is 0 - o - 892/8*-2 composite?
False
Suppose -f = 5*u - 5890, 5875 = 4*u + u + 4*f. Suppose 269 = -5*o + u. Let k = o + 12. Is k a prime number?
False
Suppose -189*h + 198*h = -72. Is h/10 + -2*151197/(-30) prime?
True
Let s(k) = 2217*k**2 - 3*k - 3. Let c be s(-1). Let o be c/6 - 9/(-6). Suppose -6*p + o = -5071. Is p a prime number?
True
Let m = 401683 - 101126. Is m prime?
True
Let y = 271393 - -292630. Is y a prime number?
False
Suppose 2*q + 53 = -3*c + 13, 4*c + q = -60. Let a = c + 20. Suppose a*f - 359 = 2*b + b, f - 4*b - 93 = 0. Is f composite?
False
Is 59669/((-1)/11*(-118 - -107)) composite?
False
Suppose -18*r + 0*r + 3623504 + 4777474 = 0. Is r prime?
False
Let c be 0/(-5) + 3 + 0 + 2. Let h(y) = 3 - 11*y - 4 - 4 + 14 + 37*y**2. Is h(c) prime?
False
Suppose 2*r - 84 = -4*r. Suppose 4*o - 5*a - 32 = 0, -2*o - 2*a - r = -4*o. Suppose -i = 5*t - 2408, t = -o*i + 8*i + 466. Is t composite?
True
Suppose 2*j + 3*c + 20019 = 87664, -33836 = -j - 3*c. Is j a composite number?
False
Let b(d) = 1162*d + 18. Let q be b(-2). Let a = 3849 + q. Is a composite?
False
Let u = 308 + -197. Suppose 3*k - 38 = 40. Let m = u - k. Is m a composite number?
True
Let s = 22418 + -6425. Is 1/((-9)/12*(-12)/s) composite?
False
Let t be (-52)/(-1 + -3) + -2 + 4. Suppose -4136 = -21*d + 20*d + v, t = 5*v. Is d a prime number?
True
Let h = -66276 - -99359. Is h a composite number?
False
Suppose -2*w = 4*o - 88, 2*w = -5*o - 0*w + 110. Let p be ((-166)/4)/((-11)/o). Suppose 4*q - 379 = -p. Is q prime?
False
Let r(p) = 436*p - 17. Let y(q) = 436*q - 17. Let x(d) = 3*r(d) - 2*y(d). Is x(9) a composite number?
False
Let h be (190222 + -4)*(8 + -6). Is ((-9)/(-6))/((-7)/(h/(-18))) prime?
False
Let u(a) = 544*a**3 + 5*a**2 - 5*a + 6. Let z be u(3). Suppose 0 = -21*g + 15*g + z. 